 15*g + 18. Let c(n) = n**3 + 17*n**2 + 3*n + 9. Let j be c(-17). Let s = -33 - j. What is the remainder when b(16) is divided by s?
7
Suppose c + 31 = 3*y - 35, 4*y + 3*c = 88. What is the remainder when 462 is divided by 25/10 - (-297)/y?
14
Suppose -17615 = -15*c + 37*k - 32*k, -5*k + 5825 = 5*c. What is the remainder when c is divided by 89?
15
Let s = 1575 - 1570. Let q = 2 - 2. Suppose -126 = -l + 6*v - 2*v, -s*l + 4*v + 582 = q. What is the remainder when l is divided by 13?
10
Let o(g) = g**3 + 13*g**2 - 2*g + 2. Suppose -60 = 22*z + 116. What is the remainder when o(z) is divided by 34?
32
Let v(h) = 2*h**2 - 2*h + 1. Let k(f) = 1 + 5*f**2 + 7*f - 6*f - 4*f. Let l(y) = 3*k(y) - 7*v(y). Calculate the remainder when 37 is divided by l(2).
7
Let j(v) = 20*v - 27. Let i(b) = b + 38. Let r be i(14). Let x be 30/8 - (-13)/r. Calculate the remainder when j(x) is divided by 20.
13
Let u = 4170 + -4112. What is the remainder when 215 is divided by u?
41
Let f = 19851 + -19372. Calculate the remainder when 959 is divided by f.
1
Let h = -9027 + 9834. What is the remainder when h is divided by 264?
15
Let u(c) = -5*c - 18. Let z be u(-8). Suppose -z*g - 55 + 385 = 0. What is the remainder when -2 + 0 + (-296)/(-4) is divided by g?
12
Suppose 380 = 8*h - 316. Let a = -83 + h. What is the remainder when 153 is divided by a?
1
Let x be 58/((0 + 1)/(-1)). Let w be (-4)/(-6) + 8704/408. Let y = w - x. What is the remainder when y is divided by 17?
12
Let v = -70 + 75. Suppose -2*w + 1 = 5*y - 28, w + y - 10 = 0. Calculate the remainder when 10 - (v + -1 + -3) is divided by w.
2
Let h = 2 + 9. Calculate the remainder when -5 + 6/(-9)*(-42)/(-112)*-212 is divided by h.
4
Let q be -13 - -12 - 1*1/(-1). Suppose -3*w - 9 = 0, q = -5*c + 3*w + 2*w + 235. Calculate the remainder when 174 is divided by c.
42
Suppose -2*b - 81 + 85 = 0. Suppose -m + 0*n = 4*n - 97, b*m + 4*n - 206 = 0. Let c = -17 - -39. What is the remainder when m is divided by c?
21
Let t(m) = 176*m + 1309. Let g be t(-7). Suppose -3*o + 2*s = o + 2, 0 = -4*o - 2*s - 14. Calculate the remainder when 1/((-153)/g - o) is divided by 26.
25
Let m(a) = a**3 + 28*a**2 + 52*a + 21. What is the remainder when (310 - 7)*(-2)/(-6) is divided by m(-26)?
17
Suppose -23*q + 49 = 26. What is the remainder when 137 is divided by (-85)/17 + 15/q?
7
Suppose 0 = 4*y + 36*y - 8400. Calculate the remainder when y is divided by 43.
38
Let u(b) = 31*b - 22. Suppose -13*i + 51 = 3*m - 14*i, -4*m - 4*i = -84. Calculate the remainder when u(3) is divided by m.
17
Let x(q) be the third derivative of -5*q**4/24 + 35*q**3/6 - 83*q**2. Calculate the remainder when 584 is divided by x(-6).
64
Let q(p) = -46*p - 77. Suppose 2*v + 21 - 5 = 2*g, 0 = -4*g + 2*v + 28. What is the remainder when q(-2) is divided by g?
3
Suppose n = 5*s + 72, 5*n + 182 = 4*s + 584. Calculate the remainder when 88 is divided by n.
6
Let a(i) = -4*i + 20. Let f be a(-2). Suppose -37*z = -f*z - 8811. What is the remainder when z is divided by 35?
34
Let c(b) = -2*b**3 + 29*b**2 - 3*b + 15. Calculate the remainder when c(14) is divided by 32.
9
Let y be -135 + 144 - (0 - -4). What is the remainder when ((-21)/(-4))/((-2)/(-8)) is divided by (y/4 - 1)/(161/1932)?
0
Calculate the remainder when 887 is divided by (-54)/(-42)*(-385)/(-33) + -1.
5
What is the remainder when (-4)/(-18) + (-7916)/(-18) is divided by ((2/(-5))/(16/60))/(12/(-888))?
107
Suppose -88 = 3*m - 7*m. Suppose -q - q + m = 0. Suppose 0 = -4*n + 128 - 12. Calculate the remainder when n is divided by q.
7
Suppose 16*u - 1089 = 7*u. Let r = u - 50. Suppose r = 2*x - 2*h - 17, 0 = h - 1. Calculate the remainder when x is divided by 16.
13
Suppose 35960 + 175 = 8*g + 25*g. Calculate the remainder when g is divided by 6.
3
Let f be (12/6)/(-4)*-46. Suppose f*s - 160 = 7*s. What is the remainder when s is divided by 1?
0
Suppose 4*n = -4*o + 200, -n = 5*o - 121 - 113. Calculate the remainder when 252 is divided by o.
22
Let d(x) = -x**3 + 8*x**2 - 4*x - 17. Let a be d(7). Suppose -7*r + 4*r = a*c - 116, -3*r = -3*c + 108. Calculate the remainder when c is divided by 27.
5
Calculate the remainder when (2344/(-20))/(8 - 42/5) is divided by 57.
8
Let v(m) = m**2 - 21*m + 233. Suppose 0 = 23*g - 69 - 138. What is the remainder when v(g) is divided by 4?
1
Let d(l) = l**3 + 12*l**2 + 8*l - 2. Let u be d(-5). Suppose 222 = 134*q - u*q. What is the remainder when q is divided by 46?
38
Suppose -3*v = -5*o - 5485, -4*v + 2*v = -4*o - 3654. Suppose 6*s - v = 247. What is the remainder when s is divided by 35?
32
Let v = 97739 - 97716. Calculate the remainder when v is divided by 2*(-2)/(-6)*3.
1
Let k(s) = -s**2 - 15*s + 5. Let o be k(-7). Let l = o + -29. Let z = 253 - 190. What is the remainder when z is divided by l?
31
Let i(v) = -v**3 + 13*v**2 - 17*v - 11. Let b be i(12). Let q = -33 - b. Let t = q - -6. What is the remainder when t is divided by 17?
10
Let g = 1645 + -1525. Calculate the remainder when g is divided by 6/4*-2 - -31.
8
Let v(f) = f**2 + 4*f - 3. What is the remainder when v(-8) is divided by (-3)/4*(-400)/30?
9
Let l(z) = -4*z**2 - 116*z + 141. What is the remainder when 437 is divided by l(-30)?
17
Let r(t) = -301*t - 1190. Let x be r(-4). Suppose 4*w + 5 = -3, 4*l = 3*w + 534. Suppose -x*o + 8*o = -l. Calculate the remainder when 55 is divided by o.
11
What is the remainder when (-6)/(-36)*879 - (-4)/(-8) is divided by 62?
22
What is the remainder when -89726*(-3)/12 + (-7)/(-28)*6 is divided by 71?
68
Let o(a) = a**2 + 117*a - 4425. Calculate the remainder when o(35) is divided by 83.
65
Suppose -5*p - 9921 = -10121. Calculate the remainder when 2836 is divided by p.
36
Let d = 3819 + -3638. Calculate the remainder when 539 is divided by d.
177
Calculate the remainder when (2*(-8)/64)/2 + (-15762)/(-16) is divided by 38.
35
Let b(y) = -51 + y**3 - y + 0*y**3 - 2*y + 19*y**2 + 0*y**3. Suppose 5*v = -6 + 26. What is the remainder when b(-19) is divided by v?
2
Suppose 3*r - 37 = 107. What is the remainder when 91 is divided by (-1532)/(-32) + 6/r?
43
Let m = -86 + 86. Suppose 2*f = -11*u + 10*u, -4*u + 3*f + 33 = m. What is the remainder when (34/u - 1)*(9 + 0) is divided by 22?
20
Let q be (-4)/(-34) + (-68300)/(-340). Let m = q - 150. What is the remainder when m is divided by 14?
9
Let i be -216*2/(-6)*-2*-1. Suppose 7*j - i + 25 = 0. Calculate the remainder when 301 is divided by j.
12
Suppose 0 = 129*j - 133*j + 40. What is the remainder when 83 is divided by j?
3
Let o = 1749 - 1183. Suppose 22*s = 1380 - o. Calculate the remainder when s is divided by 13.
11
Suppose 5*y = -15, 0 = -2*a - a + y + 1338. Suppose 5*r - 225 - a = 0. Suppose 273 = 5*u + 98. What is the remainder when r is divided by u?
29
Let q be (1/2)/((-3)/792). Let u = -130 - q. Suppose -3*r - 3*i = u*r - 53, r - 2*i = 8. Calculate the remainder when 75 is divided by r.
5
Suppose 69*o - 24*o = 14490. What is the remainder when 555 is divided by o?
233
Suppose -25*m + 1326 - 834 + 1208 = 0. Calculate the remainder when 201 is divided by m.
65
Let g = -88867 + 88877. Calculate the remainder when 241/9 - 6/(-27) is divided by g.
7
Let t(s) = -s**3 + 12*s**2 + 14*s + 23. Suppose 333 - 307 = 2*o. What is the remainder when 60 is divided by t(o)?
24
Suppose 19 = 4*z - 5. Suppose -13*h + 12*h + z = 0. Suppose 0 = -2*u - 3*o + 39, u + 45 = h*u - 3*o. Calculate the remainder when u is divided by 3.
0
Let f be 117*-2*((-4)/(-8) + -1). Suppose -7*r - f = 37. Let o = r - -29. Calculate the remainder when 26 is divided by o.
5
Suppose -29*k + 1201 = -249. Calculate the remainder when 22*40/k*5 is divided by 10.
8
Let z(u) = 16*u - 56. Let q(k) = 13*k - 55. Let b(w) = 4*q(w) - 3*z(w). Calculate the remainder when 103 is divided by b(16).
7
Let v be 26/91 - (-2 + (-936)/7). Suppose -12*w = -508 + v. What is the remainder when w is divided by 3?
1
Let b(q) = 12*q**3 - 34*q**2 - 5*q + 47. What is the remainder when b(4) is divided by 125?
1
Let t be (0/(-2) - -40)/(88/220). Suppose -9*q = -7*q - t. Suppose 5*c - 285 + q = 0. What is the remainder when 93 is divided by c?
46
Suppose -55 = 6*n - 11*n. What is the remainder when 37 is divided by 4/((-48)/64 + n/4)?
1
Let k(t) = t**3 - 8*t**2 + t - 1. What is the rem